{"id":141,"date":"2017-12-22T10:30:11","date_gmt":"2017-12-22T09:30:11","guid":{"rendered":"https:\/\/katholisch-friedrichshafen.comlounge.dev\/stpetruscanisius\/?page_id=141"},"modified":"2025-11-12T07:23:43","modified_gmt":"2025-11-12T06:23:43","slug":"pastoralteam","status":"publish","type":"page","link":"https:\/\/katholisch-friedrichshafen.de\/stpetruscanisius\/pastoralteam\/","title":{"rendered":"Pastoralteam"},"content":{"rendered":"<h2>Pastoralteam<\/h2>\n<hr \/>\n<p>Weitere Information finden Sie unter <a href=\"https:\/\/katholisch-friedrichshafen.de\/gesamtkirchengemeinde\/pastorale-dienste\/\" target=\"_blank\" rel=\"noopener\">Pastorale Dienste auf katholisch-friedrichshafen.de<\/a><\/p>\n<hr \/>\n<p>&nbsp;<\/p>\n<table style=\"width: 695px\">\n<tbody>\n<tr>\n<td style=\"width: 347px\">\n<h4>Dekan Bernd Herbinger<\/h4>\n<p>Ortspfarrer und Leiter der Seelsorgeeinheit<br \/>\nTelefon (07541) 3896-12<\/td>\n<td style=\"width: 332px\"><img decoding=\"async\" class=\"size-full wp-image-2917 alignright\" src=\"https:\/\/katholisch-friedrichshafen.de\/stpetruscanisius\/wp-content\/uploads\/sites\/2\/2025\/06\/BHerbing2025.jpg\" alt=\"\" width=\"158\" height=\"168\" srcset=\"https:\/\/katholisch-friedrichshafen.de\/stpetruscanisius\/wp-content\/uploads\/sites\/2\/2025\/06\/BHerbing2025.jpg 158w, https:\/\/katholisch-friedrichshafen.de\/stpetruscanisius\/wp-content\/uploads\/sites\/2\/2025\/06\/BHerbing2025-94x100.jpg 94w\" sizes=\"(max-width: 158px) 100vw, 158px\" \/><\/td>\n<\/tr>\n<tr>\n<td style=\"width: 347px\">\n<div class=\"csc-textpicHeader csc-textpicHeader-26\">\n<div class=\"csc-textpicHeader csc-textpicHeader-26\">\n<div class=\"csc-textpicHeader csc-textpicHeader-26\">\n<div class=\"csc-textpicHeader csc-textpicHeader-26\">\n<h4>Philip Heger<\/h4>\n<\/div>\n<p class=\"bodytext\">Pastoralreferent<br \/>\n<span lang=\"EN\">Telefon (07541) 53084<\/span><\/p>\n<\/div>\n<\/div>\n<\/div>\n<\/td>\n<td style=\"width: 332px\">\u00a0<img decoding=\"async\" class=\"size-full wp-image-986 alignleft\" src=\"https:\/\/katholisch-friedrichshafen.de\/stpetruscanisius\/wp-content\/uploads\/sites\/2\/2018\/01\/PHeger.jpg\" alt=\"\" width=\"158\" height=\"168\" srcset=\"https:\/\/katholisch-friedrichshafen.de\/stpetruscanisius\/wp-content\/uploads\/sites\/2\/2018\/01\/PHeger.jpg 158w, https:\/\/katholisch-friedrichshafen.de\/stpetruscanisius\/wp-content\/uploads\/sites\/2\/2018\/01\/PHeger-94x100.jpg 94w\" sizes=\"(max-width: 158px) 100vw, 158px\" \/><\/td>\n<\/tr>\n<tr>\n<td style=\"width: 347px\">\n<div class=\"csc-textpicHeader csc-textpicHeader-26\">\n<div class=\"csc-textpicHeader csc-textpicHeader-26\">\n<div class=\"csc-textpicHeader csc-textpicHeader-26\">\n<div class=\"csc-textpicHeader csc-textpicHeader-26\">\n<div class=\"csc-textpicHeader csc-textpicHeader-26\">\n<div class=\"csc-textpicHeader csc-textpicHeader-26\">\n<div class=\"csc-textpicHeader csc-textpicHeader-26\">\n<div class=\"csc-textpicHeader csc-textpicHeader-26\">\n<div class=\"csc-textpicHeader csc-textpicHeader-26\">\n<div class=\"csc-textpicHeader csc-textpicHeader-26\">\n<h4>Martin Rebmann<\/h4>\n<p>Diakon im <a href=\"https:\/\/katholisch-friedrichshafen.de\/stadtdiakonat\/\" target=\"_blank\" rel=\"noopener\">Stadtdiakonat<\/a><br \/>\nTelefon (07541) 370041<\/p>\n<\/div>\n<\/div>\n<\/div>\n<\/div>\n<\/div>\n<\/div>\n<\/div>\n<\/div>\n<\/div>\n<\/div>\n<\/td>\n<td style=\"width: 332px\"><img decoding=\"async\" class=\"wp-image-2285 size-full alignright\" src=\"https:\/\/katholisch-friedrichshafen.de\/stpetruscanisius\/wp-content\/uploads\/sites\/2\/2022\/01\/MRebmann.jpg\" alt=\"\" width=\"158\" height=\"168\" srcset=\"https:\/\/katholisch-friedrichshafen.de\/stpetruscanisius\/wp-content\/uploads\/sites\/2\/2022\/01\/MRebmann.jpg 158w, https:\/\/katholisch-friedrichshafen.de\/stpetruscanisius\/wp-content\/uploads\/sites\/2\/2022\/01\/MRebmann-94x100.jpg 94w\" sizes=\"(max-width: 158px) 100vw, 158px\" \/><\/td>\n<\/tr>\n<tr>\n<td>\n<h4>Matthias Fahrner<\/h4>\n<p>Pastoralreferent<br \/>\nErreichbar \u00fcber Pfarrb\u00fcro<\/td>\n<td><img loading=\"lazy\" decoding=\"async\" class=\"wp-image-2812 size-full alignleft\" src=\"https:\/\/katholisch-friedrichshafen.de\/stpetruscanisius\/wp-content\/uploads\/sites\/2\/2024\/11\/MFahrner.jpg\" alt=\"\" width=\"158\" height=\"168\" srcset=\"https:\/\/katholisch-friedrichshafen.de\/stpetruscanisius\/wp-content\/uploads\/sites\/2\/2024\/11\/MFahrner.jpg 158w, https:\/\/katholisch-friedrichshafen.de\/stpetruscanisius\/wp-content\/uploads\/sites\/2\/2024\/11\/MFahrner-94x100.jpg 94w\" sizes=\"(max-width: 158px) 100vw, 158px\" \/><\/td>\n<\/tr>\n<tr>\n<td>\n<h4>Antonio Montefusco<\/h4>\n<p>Pastoralassistent<br \/>\nErreichbar \u00fcber Pfarrb\u00fcro<\/td>\n<td><img loading=\"lazy\" decoding=\"async\" class=\"wp-image-2813 size-full alignright\" src=\"https:\/\/katholisch-friedrichshafen.de\/stpetruscanisius\/wp-content\/uploads\/sites\/2\/2024\/11\/AMontefusco.jpg\" alt=\"\" width=\"158\" height=\"168\" srcset=\"https:\/\/katholisch-friedrichshafen.de\/stpetruscanisius\/wp-content\/uploads\/sites\/2\/2024\/11\/AMontefusco.jpg 158w, https:\/\/katholisch-friedrichshafen.de\/stpetruscanisius\/wp-content\/uploads\/sites\/2\/2024\/11\/AMontefusco-94x100.jpg 94w\" sizes=\"(max-width: 158px) 100vw, 158px\" \/><\/td>\n<\/tr>\n<tr>\n<td>\n<h4>Ramona Fichter<\/h4>\n<p>Pastoralassistenttin<br \/>\nErreichbar \u00fcber Pfarrb\u00fcro<\/td>\n<td><img loading=\"lazy\" decoding=\"async\" class=\"size-full wp-image-2834 alignleft\" src=\"https:\/\/katholisch-friedrichshafen.de\/stpetruscanisius\/wp-content\/uploads\/sites\/2\/2024\/11\/Ramona-Fichter.jpg\" alt=\"\" width=\"158\" height=\"168\" srcset=\"https:\/\/katholisch-friedrichshafen.de\/stpetruscanisius\/wp-content\/uploads\/sites\/2\/2024\/11\/Ramona-Fichter.jpg 158w, https:\/\/katholisch-friedrichshafen.de\/stpetruscanisius\/wp-content\/uploads\/sites\/2\/2024\/11\/Ramona-Fichter-94x100.jpg 94w\" sizes=\"(max-width: 158px) 100vw, 158px\" \/><\/td>\n<\/tr>\n<\/tbody>\n<\/table>\n","protected":false},"excerpt":{"rendered":"<p>Pastoralteam Weitere Information finden Sie unter Pastorale Dienste auf katholisch-friedrichshafen.de &nbsp; Dekan Bernd Herbinger Ortspfarrer und Leiter der Seelsorgeeinheit Telefon (07541) 3896-12 Philip Heger Pastoralreferent Telefon (07541) 53084 \u00a0 Martin Rebmann Diakon im Stadtdiakonat Telefon (07541) 370041 Matthias Fahrner Pastoralreferent Erreichbar \u00fcber Pfarrb\u00fcro Antonio Montefusco Pastoralassistent Erreichbar \u00fcber Pfarrb\u00fcro Ramona Fichter Pastoralassistenttin Erreichbar \u00fcber Pfarrb\u00fcro<\/p>\n","protected":false},"author":16,"featured_media":0,"parent":0,"menu_order":18,"comment_status":"closed","ping_status":"closed","template":"","meta":{"_acf_changed":false,"footnotes":""},"class_list":["post-141","page","type-page","status-publish","hentry","einrichtung-st-petrus-canisius"],"acf":[],"yoast_head":"<!-- This site is optimized with the Yoast SEO plugin v27.5 - https:\/\/yoast.com\/product\/yoast-seo-wordpress\/ -->\n<title>Pastoralteam - St. Petrus Canisius<\/title>\n<meta name=\"robots\" content=\"index, follow, max-snippet:-1, max-image-preview:large, max-video-preview:-1\" \/>\n<link rel=\"canonical\" href=\"https:\/\/katholisch-friedrichshafen.de\/stpetruscanisius\/pastoralteam\/\" \/>\n<meta property=\"og:locale\" content=\"de_DE\" \/>\n<meta property=\"og:type\" content=\"article\" \/>\n<meta property=\"og:title\" content=\"Pastoralteam - St. Petrus Canisius\" \/>\n<meta property=\"og:description\" content=\"Pastoralteam Weitere Information finden Sie unter Pastorale Dienste auf katholisch-friedrichshafen.de &nbsp; Dekan Bernd Herbinger Ortspfarrer und Leiter der Seelsorgeeinheit Telefon (07541) 3896-12 Philip Heger Pastoralreferent Telefon (07541) 53084 \u00a0 Martin Rebmann Diakon im Stadtdiakonat Telefon (07541) 370041 Matthias Fahrner Pastoralreferent Erreichbar \u00fcber Pfarrb\u00fcro Antonio Montefusco Pastoralassistent Erreichbar \u00fcber Pfarrb\u00fcro Ramona Fichter Pastoralassistenttin Erreichbar \u00fcber Pfarrb\u00fcro\" \/>\n<meta property=\"og:url\" content=\"https:\/\/katholisch-friedrichshafen.de\/stpetruscanisius\/pastoralteam\/\" \/>\n<meta property=\"og:site_name\" content=\"St. Petrus Canisius\" \/>\n<meta property=\"article:modified_time\" content=\"2025-11-12T06:23:43+00:00\" \/>\n<meta property=\"og:image\" content=\"https:\/\/katholisch-friedrichshafen.de\/stpetruscanisius\/wp-content\/uploads\/sites\/2\/2025\/06\/BHerbing2025.jpg\" \/>\n\t<meta property=\"og:image:width\" content=\"158\" \/>\n\t<meta property=\"og:image:height\" content=\"168\" \/>\n\t<meta property=\"og:image:type\" content=\"image\/jpeg\" \/>\n<meta name=\"twitter:card\" content=\"summary_large_image\" \/>\n<meta name=\"twitter:label1\" content=\"Gesch\u00e4tzte Lesezeit\" \/>\n\t<meta name=\"twitter:data1\" content=\"2\u00a0Minuten\" \/>\n<script type=\"application\/ld+json\" class=\"yoast-schema-graph\">{\"@context\":\"https:\\\/\\\/schema.org\",\"@graph\":[{\"@type\":\"WebPage\",\"@id\":\"https:\\\/\\\/katholisch-friedrichshafen.de\\\/stpetruscanisius\\\/pastoralteam\\\/\",\"url\":\"https:\\\/\\\/katholisch-friedrichshafen.de\\\/stpetruscanisius\\\/pastoralteam\\\/\",\"name\":\"Pastoralteam - St. Petrus Canisius\",\"isPartOf\":{\"@id\":\"https:\\\/\\\/katholisch-friedrichshafen.de\\\/stpetruscanisius\\\/#website\"},\"primaryImageOfPage\":{\"@id\":\"https:\\\/\\\/katholisch-friedrichshafen.de\\\/stpetruscanisius\\\/pastoralteam\\\/#primaryimage\"},\"image\":{\"@id\":\"https:\\\/\\\/katholisch-friedrichshafen.de\\\/stpetruscanisius\\\/pastoralteam\\\/#primaryimage\"},\"thumbnailUrl\":\"https:\\\/\\\/katholisch-friedrichshafen.de\\\/stpetruscanisius\\\/wp-content\\\/uploads\\\/sites\\\/2\\\/2025\\\/06\\\/BHerbing2025.jpg\",\"datePublished\":\"2017-12-22T09:30:11+00:00\",\"dateModified\":\"2025-11-12T06:23:43+00:00\",\"breadcrumb\":{\"@id\":\"https:\\\/\\\/katholisch-friedrichshafen.de\\\/stpetruscanisius\\\/pastoralteam\\\/#breadcrumb\"},\"inLanguage\":\"de\",\"potentialAction\":[{\"@type\":\"ReadAction\",\"target\":[\"https:\\\/\\\/katholisch-friedrichshafen.de\\\/stpetruscanisius\\\/pastoralteam\\\/\"]}]},{\"@type\":\"ImageObject\",\"inLanguage\":\"de\",\"@id\":\"https:\\\/\\\/katholisch-friedrichshafen.de\\\/stpetruscanisius\\\/pastoralteam\\\/#primaryimage\",\"url\":\"https:\\\/\\\/katholisch-friedrichshafen.de\\\/stpetruscanisius\\\/wp-content\\\/uploads\\\/sites\\\/2\\\/2025\\\/06\\\/BHerbing2025.jpg\",\"contentUrl\":\"https:\\\/\\\/katholisch-friedrichshafen.de\\\/stpetruscanisius\\\/wp-content\\\/uploads\\\/sites\\\/2\\\/2025\\\/06\\\/BHerbing2025.jpg\",\"width\":158,\"height\":168},{\"@type\":\"BreadcrumbList\",\"@id\":\"https:\\\/\\\/katholisch-friedrichshafen.de\\\/stpetruscanisius\\\/pastoralteam\\\/#breadcrumb\",\"itemListElement\":[{\"@type\":\"ListItem\",\"position\":1,\"name\":\"Startseite\",\"item\":\"https:\\\/\\\/katholisch-friedrichshafen.de\\\/stpetruscanisius\\\/\"},{\"@type\":\"ListItem\",\"position\":2,\"name\":\"Pastoralteam\"}]},{\"@type\":\"WebSite\",\"@id\":\"https:\\\/\\\/katholisch-friedrichshafen.de\\\/stpetruscanisius\\\/#website\",\"url\":\"https:\\\/\\\/katholisch-friedrichshafen.de\\\/stpetruscanisius\\\/\",\"name\":\"St. Petrus Canisius\",\"description\":\"St. Petrus Canisius\",\"potentialAction\":[{\"@type\":\"SearchAction\",\"target\":{\"@type\":\"EntryPoint\",\"urlTemplate\":\"https:\\\/\\\/katholisch-friedrichshafen.de\\\/stpetruscanisius\\\/?s={search_term_string}\"},\"query-input\":{\"@type\":\"PropertyValueSpecification\",\"valueRequired\":true,\"valueName\":\"search_term_string\"}}],\"inLanguage\":\"de\"}]}<\/script>\n<!-- \/ Yoast SEO plugin. -->","yoast_head_json":{"title":"Pastoralteam - St. Petrus Canisius","robots":{"index":"index","follow":"follow","max-snippet":"max-snippet:-1","max-image-preview":"max-image-preview:large","max-video-preview":"max-video-preview:-1"},"canonical":"https:\/\/katholisch-friedrichshafen.de\/stpetruscanisius\/pastoralteam\/","og_locale":"de_DE","og_type":"article","og_title":"Pastoralteam - St. Petrus Canisius","og_description":"Pastoralteam Weitere Information finden Sie unter Pastorale Dienste auf katholisch-friedrichshafen.de &nbsp; Dekan Bernd Herbinger Ortspfarrer und Leiter der Seelsorgeeinheit Telefon (07541) 3896-12 Philip Heger Pastoralreferent Telefon (07541) 53084 \u00a0 Martin Rebmann Diakon im Stadtdiakonat Telefon (07541) 370041 Matthias Fahrner Pastoralreferent Erreichbar \u00fcber Pfarrb\u00fcro Antonio Montefusco Pastoralassistent Erreichbar \u00fcber Pfarrb\u00fcro Ramona Fichter Pastoralassistenttin Erreichbar \u00fcber Pfarrb\u00fcro","og_url":"https:\/\/katholisch-friedrichshafen.de\/stpetruscanisius\/pastoralteam\/","og_site_name":"St. Petrus Canisius","article_modified_time":"2025-11-12T06:23:43+00:00","og_image":[{"width":158,"height":168,"url":"https:\/\/katholisch-friedrichshafen.de\/stpetruscanisius\/wp-content\/uploads\/sites\/2\/2025\/06\/BHerbing2025.jpg","type":"image\/jpeg"}],"twitter_card":"summary_large_image","twitter_misc":{"Gesch\u00e4tzte Lesezeit":"2\u00a0Minuten"},"schema":{"@context":"https:\/\/schema.org","@graph":[{"@type":"WebPage","@id":"https:\/\/katholisch-friedrichshafen.de\/stpetruscanisius\/pastoralteam\/","url":"https:\/\/katholisch-friedrichshafen.de\/stpetruscanisius\/pastoralteam\/","name":"Pastoralteam - St. Petrus Canisius","isPartOf":{"@id":"https:\/\/katholisch-friedrichshafen.de\/stpetruscanisius\/#website"},"primaryImageOfPage":{"@id":"https:\/\/katholisch-friedrichshafen.de\/stpetruscanisius\/pastoralteam\/#primaryimage"},"image":{"@id":"https:\/\/katholisch-friedrichshafen.de\/stpetruscanisius\/pastoralteam\/#primaryimage"},"thumbnailUrl":"https:\/\/katholisch-friedrichshafen.de\/stpetruscanisius\/wp-content\/uploads\/sites\/2\/2025\/06\/BHerbing2025.jpg","datePublished":"2017-12-22T09:30:11+00:00","dateModified":"2025-11-12T06:23:43+00:00","breadcrumb":{"@id":"https:\/\/katholisch-friedrichshafen.de\/stpetruscanisius\/pastoralteam\/#breadcrumb"},"inLanguage":"de","potentialAction":[{"@type":"ReadAction","target":["https:\/\/katholisch-friedrichshafen.de\/stpetruscanisius\/pastoralteam\/"]}]},{"@type":"ImageObject","inLanguage":"de","@id":"https:\/\/katholisch-friedrichshafen.de\/stpetruscanisius\/pastoralteam\/#primaryimage","url":"https:\/\/katholisch-friedrichshafen.de\/stpetruscanisius\/wp-content\/uploads\/sites\/2\/2025\/06\/BHerbing2025.jpg","contentUrl":"https:\/\/katholisch-friedrichshafen.de\/stpetruscanisius\/wp-content\/uploads\/sites\/2\/2025\/06\/BHerbing2025.jpg","width":158,"height":168},{"@type":"BreadcrumbList","@id":"https:\/\/katholisch-friedrichshafen.de\/stpetruscanisius\/pastoralteam\/#breadcrumb","itemListElement":[{"@type":"ListItem","position":1,"name":"Startseite","item":"https:\/\/katholisch-friedrichshafen.de\/stpetruscanisius\/"},{"@type":"ListItem","position":2,"name":"Pastoralteam"}]},{"@type":"WebSite","@id":"https:\/\/katholisch-friedrichshafen.de\/stpetruscanisius\/#website","url":"https:\/\/katholisch-friedrichshafen.de\/stpetruscanisius\/","name":"St. Petrus Canisius","description":"St. Petrus Canisius","potentialAction":[{"@type":"SearchAction","target":{"@type":"EntryPoint","urlTemplate":"https:\/\/katholisch-friedrichshafen.de\/stpetruscanisius\/?s={search_term_string}"},"query-input":{"@type":"PropertyValueSpecification","valueRequired":true,"valueName":"search_term_string"}}],"inLanguage":"de"}]}},"_links":{"self":[{"href":"https:\/\/katholisch-friedrichshafen.de\/stpetruscanisius\/wp-json\/wp\/v2\/pages\/141","targetHints":{"allow":["GET"]}}],"collection":[{"href":"https:\/\/katholisch-friedrichshafen.de\/stpetruscanisius\/wp-json\/wp\/v2\/pages"}],"about":[{"href":"https:\/\/katholisch-friedrichshafen.de\/stpetruscanisius\/wp-json\/wp\/v2\/types\/page"}],"author":[{"embeddable":true,"href":"https:\/\/katholisch-friedrichshafen.de\/stpetruscanisius\/wp-json\/wp\/v2\/users\/16"}],"replies":[{"embeddable":true,"href":"https:\/\/katholisch-friedrichshafen.de\/stpetruscanisius\/wp-json\/wp\/v2\/comments?post=141"}],"version-history":[{"count":39,"href":"https:\/\/katholisch-friedrichshafen.de\/stpetruscanisius\/wp-json\/wp\/v2\/pages\/141\/revisions"}],"predecessor-version":[{"id":2999,"href":"https:\/\/katholisch-friedrichshafen.de\/stpetruscanisius\/wp-json\/wp\/v2\/pages\/141\/revisions\/2999"}],"wp:attachment":[{"href":"https:\/\/katholisch-friedrichshafen.de\/stpetruscanisius\/wp-json\/wp\/v2\/media?parent=141"}],"curies":[{"name":"wp","href":"https:\/\/api.w.org\/{rel}","templated":true}]}}